{"id":2272,"date":"2020-10-27T09:17:32","date_gmt":"2020-10-27T09:17:32","guid":{"rendered":"http:\/\/gus-technik.de\/?page_id=2272"},"modified":"2023-01-12T14:53:58","modified_gmt":"2023-01-12T14:53:58","slug":"leistungen","status":"publish","type":"page","link":"http:\/\/gus-technik.de\/?page_id=2272","title":{"rendered":"LEISTUNGEN"},"content":{"rendered":"<section class=\"wpb-content-wrapper\"><p>[vc_row css=&#8220;.vc_custom_1604659047423{padding-bottom: 30px !important;}&#8220;][vc_column]<h2 class='heading-middle  divider-sm' ><span>Unsere Leistungen<\/span><\/h2>[\/vc_column][\/vc_row][vc_row][vc_column css=&#8220;.vc_custom_1603792859302{padding-bottom: 70px !important;}&#8220;][vc_column_text]Wir haben uns auf die CNC-Bearbeitung im Bereich der Dreh- und Fr\u00e4stechnik spezialisiert. Angefangen als reiner Lohnfertiger sind wir aber l\u00e4ngst dar\u00fcber hinausgewachsen. Wir verkn\u00fcpfen globale Marktanforderungen mit unserem fachlichem Know-How und innovativen Fertigungstechnologien. Dauerhaft hohe Kapazit\u00e4ten im Mehrschichtenbetrieb und ein breites Leistungsspektrum machen unser Familienunternehmen zu einem innovativen und stets tatkr\u00e4ftigen Partner in der computergesteuerten Metallbearbeitung.[\/vc_column_text][\/vc_column][\/vc_row][vc_row][vc_column width=&#8220;1\/4&#8243;]<div class='featured featured-image featured-has-link featured-has-icon simple-style'><div class='featured-header'><a target='_self' href='\/?page_id=2294'><img alt='CNC-DREHEN' src='http:\/\/gus-technik.de\/wp-content\/uploads\/2022\/04\/drehen1-600x368.jpg'\/><\/a><\/div><div class='featured-content'><h3 class='featured-title text-uppercase'><a target='_self' href='\/?page_id=2294'><i class='fas fa-cog'><\/i>CNC-DREHEN<\/a><\/h3><a class='btn btn-md btn-minimal' target='_self' href='\/?page_id=2294'>MEHR ERFAHREN<\/a><a href='http:\/\/gus-technik.de\/wp-content\/uploads\/2022\/04\/drehen1-600x368.jpg' class='featured-lightbox-link'><i class='fa fa-image'><\/i><\/a><\/div><\/div>[vc_column_text]<\/p>\n<p style=\"text-align: center;\">CNC Drehmaschinen und Dreh-Fr\u00e4szentren mit angetriebenen Werkzeugen und Gegenspindel erf\u00fcllen h\u00f6chste Anspr\u00fcche<\/p>\n<p>[\/vc_column_text][\/vc_column][vc_column width=&#8220;1\/4&#8243; css=&#8220;.vc_custom_1603792927502{padding-bottom: 70px !important;}&#8220;]<div class='featured featured-image featured-has-link featured-has-icon simple-style'><div class='featured-header'><a target='_self' href='\/?page_id=2296'><img alt='CNC-FR\u00c4SEN' src='http:\/\/gus-technik.de\/wp-content\/uploads\/2022\/04\/fraesen1-600x368.jpg'\/><\/a><\/div><div class='featured-content'><h3 class='featured-title text-uppercase'><a target='_self' href='\/?page_id=2296'><i class='fas fa-cogs'><\/i>CNC-FR\u00c4SEN<\/a><\/h3><a class='btn btn-md btn-minimal' target='_self' href='\/?page_id=2296'>MEHR ERFAHREN<\/a><a href='http:\/\/gus-technik.de\/wp-content\/uploads\/2022\/04\/fraesen1-600x368.jpg' class='featured-lightbox-link'><i class='fa fa-image'><\/i><\/a><\/div><\/div>[vc_column_text]<\/p>\n<p style=\"text-align: center;\">Unsere 3- und 5-Achs-Fr\u00e4szentren machen die Herstellung komplexer Bauteile kosteneffizient in kleiner und gro\u00dfer St\u00fcckzahl m\u00f6glich<\/p>\n<p>[\/vc_column_text][\/vc_column][vc_column width=&#8220;1\/4&#8243;]<div class='featured featured-image featured-has-link featured-has-icon simple-style'><div class='featured-header'><a target='_self' href='\/?page_id=2298'><img alt='SONSTIGE LEISTUNGEN' src='http:\/\/gus-technik.de\/wp-content\/uploads\/2022\/04\/sonstige1-600x368.jpg'\/><\/a><\/div><div class='featured-content'><h3 class='featured-title text-uppercase'><a target='_self' href='\/?page_id=2298'><i class='fas fa-tools'><\/i>SONSTIGE LEISTUNGEN<\/a><\/h3><a class='btn btn-md btn-minimal' target='_self' href='\/?page_id=2298'>MEHR ERFAHREN<\/a><a href='http:\/\/gus-technik.de\/wp-content\/uploads\/2022\/04\/sonstige1-600x368.jpg' class='featured-lightbox-link'><i class='fa fa-image'><\/i><\/a><\/div><\/div>[vc_column_text]<\/p>\n<p style=\"text-align: center;\">Vielseitigkeit und Pr\u00e4zision zeichnen uns aus!<\/p>\n<p style=\"text-align: center;\">Wir S\u00e4gen, Schleifen, Trowalisieren, Bohren, Entgraten, Gravieren und Beschriften&#8230;<\/p>\n<p>[\/vc_column_text][\/vc_column][vc_column width=&#8220;1\/4&#8243;]<div class='featured featured-image featured-has-link featured-has-icon simple-style'><div class='featured-header'><a target='_self' href='\/?page_id=2300'><img alt='RUND-UM-SORGLOS-SERVICE' src='http:\/\/gus-technik.de\/wp-content\/uploads\/2022\/04\/oberflaeche2-600x368.jpg'\/><\/a><\/div><div class='featured-content'><h3 class='featured-title text-uppercase'><a target='_self' href='\/?page_id=2300'><i class='fas fa-sync-alt'><\/i>RUND-UM-SORGLOS-SERVICE<\/a><\/h3><a class='btn btn-md btn-minimal' target='_self' href='\/?page_id=2300'>MEHR ERFAHREN<\/a><a href='http:\/\/gus-technik.de\/wp-content\/uploads\/2022\/04\/oberflaeche2-600x368.jpg' class='featured-lightbox-link'><i class='fa fa-image'><\/i><\/a><\/div><\/div>[vc_column_text]<\/p>\n<p style=\"text-align: center;\">Wir bieten einen\u00a0 Komplettservice! Einschlie\u00dflich Oberfl\u00e4chenbehandlungen aller Art und Montage.<\/p>\n<p>[\/vc_column_text][\/vc_column][\/vc_row]<\/p>\n<\/section>","protected":false},"excerpt":{"rendered":"<p>[vc_row css=&#8220;.vc_custom_1604659047423{padding-bottom: 30px !important;}&#8220;][vc_column][\/vc_column][\/vc_row][vc_row][vc_column css=&#8220;.vc_custom_1603792859302{padding-bottom: 70px !important;}&#8220;][vc_column_text]Wir haben uns auf die CNC-Bearbeitung im Bereich der Dreh- und Fr\u00e4stechnik spezialisiert. Angefangen als reiner Lohnfertiger sind wir aber l\u00e4ngst dar\u00fcber hinausgewachsen. Wir verkn\u00fcpfen globale Marktanforderungen mit unserem fachlichem Know-How und innovativen Fertigungstechnologien. &hellip;<\/p>\n","protected":false},"author":1,"featured_media":0,"parent":0,"menu_order":0,"comment_status":"closed","ping_status":"closed","template":"","meta":[],"_links":{"self":[{"href":"http:\/\/gus-technik.de\/index.php?rest_route=\/wp\/v2\/pages\/2272"}],"collection":[{"href":"http:\/\/gus-technik.de\/index.php?rest_route=\/wp\/v2\/pages"}],"about":[{"href":"http:\/\/gus-technik.de\/index.php?rest_route=\/wp\/v2\/types\/page"}],"author":[{"embeddable":true,"href":"http:\/\/gus-technik.de\/index.php?rest_route=\/wp\/v2\/users\/1"}],"replies":[{"embeddable":true,"href":"http:\/\/gus-technik.de\/index.php?rest_route=%2Fwp%2Fv2%2Fcomments&post=2272"}],"version-history":[{"count":34,"href":"http:\/\/gus-technik.de\/index.php?rest_route=\/wp\/v2\/pages\/2272\/revisions"}],"predecessor-version":[{"id":2829,"href":"http:\/\/gus-technik.de\/index.php?rest_route=\/wp\/v2\/pages\/2272\/revisions\/2829"}],"wp:attachment":[{"href":"http:\/\/gus-technik.de\/index.php?rest_route=%2Fwp%2Fv2%2Fmedia&parent=2272"}],"curies":[{"name":"wp","href":"https:\/\/api.w.org\/{rel}","templated":true}]}}